True
Let u = 149 - 88. Let j = u - 38. Is 5 a factor of j?
False
Let i = 5 - 4. Let r be i*(-1 + 132) + -2. Suppose -r = -3*b - 18. Is b a multiple of 15?
False
Suppose -k - 298 = k + 4*l, 4*k + 2*l + 620 = 0. Let i = k + 94. Let u = i - -89. Is 13 a factor of u?
True
Let g be -1*(-2 - (-18)/(-1)). Let p = g + 0. Does 13 divide p?
False
Is 20 a factor of 1/((-159)/81 + 2)?
False
Let h(g) = -g**3 + 8*g**2 - 8*g + 7. Suppose -4*q + 14 = -6. Does 14 divide h(q)?
True
Let l = 1 + -1. Suppose 0 = 3*w + 3*m, 5*w - m = -0*m. Does 4 divide l + w/(-3) + 7?
False
Let y(m) = 2*m - 5 - 1 + 3. Suppose -7 = -5*k + 23. Does 4 divide y(k)?
False
Let g = 2 + -1. Suppose -z = g - 4. Is z even?
False
Suppose 5*t + 4*r - 1097 = 0, 4 = -t - 3*r + 230. Does 37 divide t?
False
Let m be (-2)/3 + (-4)/(-6). Suppose m + 14 = c. Is c a multiple of 14?
True
Let t = -9 + 14. Let k = 4 + t. Is 4 a factor of k?
False
Suppose -15 = -4*z + 41. Does 3 divide z?
False
Suppose 2*r - 6*r + 68 = 0. Let x(q) = -q**2 - 9*q - 7. Let a be x(-8). Suppose -a = -s + r. Is s a multiple of 7?
False
Let j(l) = 2*l**3 - 5*l**2 - 8*l + 3. Does 22 divide j(5)?
True
Let o be (-1 - -1)/(4 - 6). Suppose 0 = -u + 3*t + t - 5, -5*u + 4*t + 55 = o. Is 15 a factor of u?
True
Let f(i) = i**3 - 11*i**2 + i + 12. Let x be f(11). Let a = 67 - x. Is 16 a factor of a?
False
Let d(v) = -4*v - 1. Let t(w) = -w + 4. Let q be t(5). Let k be d(q). Suppose -k*m + 23 = -31. Is m a multiple of 18?
True
Suppose 2*o + 2*o - 16 = 0. Suppose 7*k - o*k = -21. Let u(p) = p**2 + 3*p - 4. Does 12 divide u(k)?
True
Let h be 1/((-1)/(2/(-1))). Suppose -5*o + 29 = -h*o + p, p = 5*o - 51. Does 10 divide o?
True
Let t(g) = -15*g. Suppose -5*d - 4*z = -10, 5 = z - 0*z. Let s be t(d). Suppose 4*k - 3*w - s = k, w - 8 = -k. Does 5 divide k?
False
Let m(b) = b**3 + 9*b**2 + b + 2. Let t be m(-9). Does 5 divide (-58)/(-8) + t/28?
False
Does 28 divide 902/8 + (-15)/20?
True
Let u(f) = -6*f + 24. Is u(-10) a multiple of 21?
True
Is 67/3 + 4/(-12) a multiple of 22?
True
Is (6/9)/(4/162) a multiple of 9?
True
Let k(v) = -6*v + 8. Does 6 divide k(-4)?
False
Let o = 50 + -5. Does 17 divide o?
False
Let f be ((-15)/(-9))/((-1)/6). Does 2 divide (7/7)/((-2)/f)?
False
Suppose -g - f = 2*g - 516, 699 = 4*g + 5*f. Does 46 divide g?
False
Let x(z) = -z**3 + 5*z**2 - 4*z + 2. Let d be x(4). Let w = d - -28. Is 12 a factor of w?
False
Suppose 4*v = -2*w + 26, -v + 0*v + 29 = 5*w. Suppose w*p = -15, 0*p = -l - 4*p - 61. Let d = -27 - l. Is d a multiple of 6?
False
Let v(s) = s**2 - s - 3. Suppose 0 = -3*r - b - 21, -44 + 16 = 4*r + b. Is 11 a factor of v(r)?
False
Let u(x) = x**3 + 5*x**2 - 10*x - 7. Let t be 60/(-8) - (-3)/2. Is u(t) a multiple of 17?
True
Suppose -7*y + 4*y - 3 = 0. Is 14 a factor of y - (2 + 0 + -36)?
False
Suppose 2*k - 3*f + 7 = 102, k - f = 50. Suppose -q - 4*q = -k. Is q a multiple of 10?
False
Let r(l) = -7*l**3 + 17*l**2 + l - 5. Let m(f) = -3*f**3 + 8*f**2 - 2. Let z(j) = -5*m(j) + 2*r(j). Is 10 a factor of z(6)?
False
Let c(x) = x**3 + 6*x**2 + 5*x + 2. Let u be c(-5). Suppose 2*q = -u*q + 4. Let j = 6 + q. Does 7 divide j?
True
Let k(z) = -2*z + 18*z - 12*z. Let m(h) = -h**2 - 6*h + 1. Let v be m(-6). Is k(v) a multiple of 2?
True
Let r(h) = h**2 - 14*h + 24. Let b be r(12). Suppose b = p - 0 - 7. Is p a multiple of 3?
False
Let b(c) = 3*c - 4. Let x be b(-6). Let d = 46 + x. Does 12 divide d?
True
Let f = -15 - -37. Is 9 a factor of f?
False
Let f(m) = 3*m**2 - 30*m - 19. Is 18 a factor of f(14)?
False
Suppose 0 = -38*k + 43*k - 670. Is 19 a factor of k?
False
Suppose 0 = 3*w, -2*f + 0*w + 46 = w. Suppose -f = -4*l + 69. Is l a multiple of 8?
False
Suppose -5*k + 15 = -2*o, 3*o + o - 10 = 2*k. Let r(w) = 2*w**2 - 8*w + 3. Is r(o) a multiple of 12?
False
Let a = -74 + 138. Suppose -4*d + a + 64 = 0. Does 16 divide d?
True
Let j(z) = -z**2 + 6*z - 1. Let o be j(7). Let g(b) = -b**2 - 11*b - 9. Is 15 a factor of g(o)?
True
Let p be (-2)/(-9) + (-25)/(-9). Suppose 5*n + 17 + 65 = -4*l, 0 = 4*l - p*n + 66. Does 7 divide (-130)/l + (-4)/18?
True
Suppose 3*t = -4*h + 45, -3*t - t = -4*h - 60. Is t a multiple of 2?
False
Let l(t) = -7*t + 1. Let n be l(-3). Let s = 75 - n. Does 13 divide s?
False
Let g(a) = -4*a**3 + 2*a**2 + a. Let f be g(-1). Let m be ((-8)/f)/(8/(-20)). Suppose -m*l + 5*l - 34 = 0. Is l a multiple of 17?
True
Let k = -69 - -124. Is k a multiple of 10?
False
Let m = 83 + -77. Is m a multiple of 2?
True
Suppose 2*v - 38 = -0*v. Suppose -d + v = 4*o, -4 + 1 = -3*o. Is 5 a factor of d?
True
Suppose 4*m - 6*m + 3*u + 12 = 0, -2*u = -m + 7. Let z(q) = 3*q**2 - 3*q - 4. Is 14 a factor of z(m)?
True
Let k = 20 + 49. Does 13 divide k?
False
Let j be (-11)/(-4)*(-5 - 3). Suppose 1 - 6 = -r, 77 = -2*d - r. Let f = j - d. Is f a multiple of 10?
False
Is 12 a factor of -4 + (-2795)/(-25) + 1/5?
True
Let j(y) be the first derivative of y**3/3 + y**2 + 4*y - 7. Let c = -14 + 10. Is 12 a factor of j(c)?
True
Let p = -113 - -347. Suppose 4*v + 30 = p. Is v a multiple of 19?
False
Suppose -454 - 428 = -7*t. Is t a multiple of 21?
True
Let y(o) = -9*o - 6. Let m be y(7). Let b(z) = 5*z**2 - 3*z - 7. Let h be b(5). Let l = m + h. Is l a multiple of 17?
True
Let r = -35 + 56. Does 9 divide r?
False
Is (-1 - -7)*(-528)/(-36) a multiple of 12?
False
Suppose -3*f = -2*q + 151, -f = -5 + 2. Is 17 a factor of q?
False
Let v(q) = 0 + 8 - 3 - 3*q**2 - 4*q + q**3. Is v(4) a multiple of 2?
False
Let g(k) = -k**3 - k**2 + 2*k + 4. Let p be (-40)/15 + (-3)/9. Does 4 divide g(p)?
True
Let x be 141/13 + 8/52. Let s = x - 28. Is 10 a factor of 9/(6/2) - s?
True
Suppose 0 = 3*y + 3, 4*y = 3*u + u - 80. Let b = 2 + -2. Suppose -3*t + 0*t + 2*q + u = b, 4*t = -4*q + 12. Is t a multiple of 2?
False
Let l(t) = -2*t - 12. Let q be l(-6). Suppose 4*p - 40 = 2*i, q = 4*p + 5*i - 2*i - 30. Is 9 a factor of p?
True
Suppose 20 = k + 5*j + 1, 2*j + 10 = 4*k. Suppose -4*b + 32 = 4*p, 6*b - k*p = 3*b - 11. Suppose -8 = b*v - 41. Is v a multiple of 10?
False
Let w(t) = -t**3 - 5*t**2 + t + 4. Let g be w(-5). Is (g/(-3))/((-1)/(-33)) a multiple of 8?
False
Suppose 0 = 2*c + c - 12. Suppose -4*z - 2*m = -102, z + 4*m = -c*z + 120. Does 10 divide z?
False
Let b(t) = -11*t + 2. Let w be b(-2). Let f(g) = g + 3. Let q be f(-6). Let u = w + q. Is 14 a factor of u?
False
Let u = -62 + 88. Is 6 a factor of u?
False
Let h(a) = -a. Let o be h(-3). Suppose o*s = -x - 7, 3*x = x - 5*s - 10. Suppose x*d = d + 52. Is d a multiple of 5?
False
Let n = 60 + -32. Is 7 a factor of n?
True
Let w be 0 - 1*(6 - 0). Let p(g) = -g + 1. Let y be p(w). Suppose y = 2*h - 5. Is 6 a factor of h?
True
Suppose 14 = 3*i - 2*i - w, -5*i - 4*w = -88. Let h = 7 + i. Let c = 19 + h. Is 21 a factor of c?
True
Let b = -34 - -67. Suppose -t - 7 + b = -4*x, 20 = -3*x + t. Let o(k) = -3*k - 7. Is 8 a factor of o(x)?
False
Suppose 3*n - 40 = n. Does 5 divide n?
True
Suppose 51*i = 57*i - 114. Is i a multiple of 3?
False
Is 28 a factor of (18/10 - 2) + (-843)/(-15)?
True
Suppose -s = 4*n + n + 27, 0 = -2*s - 2*n - 22. Let x = s + 27. Suppose 0 = -u + x + 6. Does 11 divide u?
False
Suppose b = k + k + 28, 3*k - 84 = -2*b. Is 6 a factor of b?
True
Suppose -5*q = -10, 0 = -w + 5*w - 5*q + 22. Is 10/(-30) - 91/w a multiple of 10?
True
Let h(f) = -9*f**2 - 5*f + 2. Let z(d) = d**2 + d. Let g(i) = -h(i) - 3*z(i). Is 8 a factor of g(2)?
False
Let j(i) be the second derivative of 2*i**3/3 - i. Let r be j(1). Let h = r + 7. Does 11 divide h?
True
Let f be (1 + 3)*(-5)/(-2). Suppose -8*u + 3*u + f = 0. Is 161/28 - u/(-8) a multiple of 6?
True
Suppose -u = 3*w - 10, 5 = w + 2*w - 4*u. Suppose 3*p + 2*p - a = 17, 2*a + 6 = w*p. Suppose 23 = 5*q + 3*j, -4*j - 12 = -p*q - 0. Is 2 a factor of q?
True
Let z(o) = o**3 - 5*o**2 + 2. Let g be z(6). Let i = g - 11. Is i a multiple of 9?
True
Let s = 17 + -17. Suppose s = 2*w - 7*w + 285. Is w a multiple of 18?
False
Suppose -132 = -3*y - 0*x + 3*x, 25 = -5*x. Is 13 a factor of y?
True
Does 5 divide (-6006)/(-189) - (-4)/18?
False
Let g be -8 - 0/(-2 + 1). Let z be 2/(-4) - 68/g. Suppose -3*r = -z*r + 130. Is 17 a factor of r?
False
Suppose -4*s + 2*g = 5*g - 49, -4*s - 4*g = -52. Suppose 2*r - s = -3*r. Is r a multiple of 2?
True
Let m be 5 + 6/(-2 + -1). Suppo